Let l(b) = b**2 + 109*b + 2422. Determine l(-26).
264
Let b(y) = 3*y**2 - 9032*y + 63255. What is b(7)?
178
Let n(p) = -83*p**2 + 6232*p - 534. Determine n(75).
-9
Let d(h) = -1294*h - 24841. Give d(-18).
-1549
Let i(h) = 35*h**3 - 6*h**2 - 6*h. Calculate i(-1).
-35
Let p(v) = v**3 - 425*v**2 + 840*v + 2547. Determine p(423).
9
Let n(c) = 958*c**3 + 355*c**2 + 379*c + 24. What is n(-1)?
-958
Let r(n) = -1321*n**2 + 6568*n + 180. What is r(5)?
-5
Let h(z) = -3*z**2 + 67987*z - 2917888. Give h(43).
6
Let m(w) = 5*w**3 + 96*w**2 + 465*w + 50. Calculate m(-10).
0
Let j(k) = 5005*k - 35015. Give j(7).
20
Let g(l) = -l**2 - 346*l - 10741. Determine g(-31).
-976
Let u(c) = -41*c**3 - 1858*c**2 - 585*c + 13. Give u(-45).
13
Let u(i) = -i**3 - 34*i**2 - 53*i + 4607. What is u(-23)?
7
Let p(x) = 15610*x - 5900588. Calculate p(378).
-8
Let c(a) = 7*a**2 + 2925*a - 58072. Calculate c(19).
30
Let g(c) = -2215579*c + 19940209. What is g(9)?
-2
Let f(i) = i**3 + 100*i**2 - 5751*i + 6044. What is f(40)?
4
Let d(x) = 691*x - 94081. Calculate d(136).
-105
Let b(l) = -9*l**2 - 296*l + 524. What is b(2)?
-104
Let y(v) = 4*v**2 - 1028*v - 7402. What is y(-7)?
-10
Let o(c) = 176*c + 45230. Determine o(-257).
-2
Let h(m) = m**3 + 24*m**2 + 31*m + 1611. Calculate h(-31).
-6077
Let i(r) = 581532*r - 11630631. What is i(20)?
9
Let i(m) = 2*m**2 + 79*m - 155. Calculate i(-12).
-815
Let n(i) = -1497*i - 82341. What is n(-55)?
-6
Let j(a) = 63*a + 939. Determine j(-7).
498
Let x(s) = -302*s**2 + 4537*s - 48. Calculate x(15).
57
Let c(i) = -i**3 - 345*i**2 - 10071*i - 1749. Determine c(-32).
11
Let s(l) = -12*l**2 + 79573*l - 794528. Determine s(10).
2
Let z(a) = -63*a**3 - 33*a**2 - 10*a + 117. Determine z(-2).
509
Let p(a) = -9*a**2 + 109*a + 76. What is p(6)?
406
Let a(w) = w**2 - 1201*w + 10799. Calculate a(9).
71
Let z(c) = 4*c**3 + 39*c**2 + 8*c + 268. Determine z(-10).
88
Let m(p) = -145*p**2 + 24348*p + 2009. Determine m(168).
-7
Let v(w) = -1913*w - 13312. Determine v(-7).
79
Let w(y) = -5*y**3 - 948*y**2 - 1522*y - 3385. Give w(-188).
-1
Let a(m) = -5999*m - 24049. Determine a(-4).
-53
Let a(r) = 1042*r + 187449. What is a(-180)?
-111
Let u(y) = 469759*y + 3758069. What is u(-8)?
-3
Let t(r) = 1350*r + 706048. Give t(-523).
-2
Let u(m) = -185488*m + 9088919. Calculate u(49).
7
Let u(q) = 22000*q + 131987. Calculate u(-6).
-13
Let c(y) = -2*y**2 - 2466*y - 632630. Determine c(-364).
2
Let u(k) = 25*k + 6780. What is u(-151)?
3005
Let f(j) = j**3 - 11*j**2 + 331*j - 4147. Determine f(12).
-31
Let c(g) = 21999*g - 88017. What is c(4)?
-21
Let l(v) = 3*v**3 + 93*v**2 - 31*v - 972. Determine l(-31).
-11
Let f(n) = -678*n + 7478. Give f(11).
20
Let z(v) = -241936*v - 2419359. What is z(-10)?
1
Let r(l) = -l**3 - 4*l**2 + 167*l + 590. Calculate r(13).
-112
Let v(p) = -762*p + 4459. Determine v(6).
-113
Let y(h) = -82045*h + 656355. Give y(8).
-5
Let t(w) = -w**3 + 76*w**2 - 378*w + 765. Give t(71).
-868
Let z(a) = 6641*a + 6600. What is z(-1)?
-41
Let m(c) = 8743*c - 6373644. Calculate m(729).
3
Let b(l) = -33*l**2 - 2378*l + 23810. Give b(10).
-3270
Let f(w) = w**2 - 643*w + 76628. Determine f(485).
-2
Let t(w) = w**3 - 24*w**2 - 23*w + 621. Determine t(26).
1375
Let u(m) = 418*m - 4857. Calculate u(10).
-677
Let v(i) = i**2 + 32*i + 246. Calculate v(-28).
134
Let g(o) = o**3 + 22*o**2 + 326*o - 2309. Give g(5).
-4
Let f(q) = -78*q - 1051. Determine f(-24).
821
Let i(x) = -9*x**3 + 26*x**2 - 410*x + 1545. What is i(4)?
-255
Let b(f) = 548*f**2 + 2620*f - 597. Calculate b(-5).
3
Let z(x) = -7526*x - 6276678. What is z(-834)?
6
Let c(m) = -m**2 - 137*m - 1264. Calculate c(-10).
6
Let o(s) = 1295*s + 301373. Determine o(-233).
-362
Let g(u) = -13*u**2 + 856*u + 3429. Determine g(-4).
-203
Let o(p) = -p**3 - 17*p**2 - 210*p - 1322. Determine o(-9).
-80
Let m(h) = h**3 - 9*h**2 - 30*h - 210. Give m(13).
76
Let x(t) = -21*t**2 + 177*t + 522. Determine x(-3).
-198
Let r(d) = 12*d**3 + 1534*d**2 - 235*d + 2693. Calculate r(-128).
5
Let k(w) = -17336*w + 16942. Determine k(1).
-394
Let h(n) = -348*n - 297484. Determine h(-855).
56
Let g(n) = 286*n - 20885. What is g(73)?
-7
Let v(u) = 10636*u**2 + 10674*u + 29. Determine v(-1).
-9
Let o(d) = d**2 + 937*d + 17502. Determine o(-19).
60
Let k(z) = -z**3 - 30*z**2 + 479*z + 1151. What is k(-41)?
3
Let q(z) = -z**2 + 189*z + 9910. Give q(232).
-66
Let i(f) = -2*f**3 - 13*f**2 - 5*f - 84. Give i(-5).
-134
Let h(b) = -156935*b + 1098541. Give h(7).
-4
Let j(f) = -335*f - 88769. Determine j(-263).
-664
Let j(s) = 4171*s + 179351. What is j(-43)?
-2
Let v(k) = -5*k**2 + 4230*k - 50020. Determine v(12).
20
Let o(j) = -j**2 - 4240*j + 33899. Calculate o(8).
-85
Let i(f) = -3745*f + 6744. Calculate i(2).
-746
Let b(z) = -z**3 - 124*z**2 + 961*z + 6005. Calculate b(-131).
241
Let a(z) = 153659*z + 10295154. Give a(-67).
1
Let a(k) = -137*k - 3785. Determine a(-2).
-3511
Let c(o) = -o**3 + 16*o**2 + 259*o + 297. Determine c(-9).
-9
Let t(a) = -2135*a + 21728. Calculate t(10).
378
Let o(a) = 23822*a + 119219. Calculate o(-5).
109
Let i(h) = h**3 + 392*h**2 - 144*h + 253475. Calculate i(-394).
-261
Let w(m) = m**2 + 367*m - 17514. Determine w(43).
116
Let c(u) = -431*u**2 - 3421*u - 25. Calculate c(-8).
-241
Let v(x) = x**3 + 498*x**2 - 4522*x - 373. Give v(9).
-4
Let g(o) = 11620*o - 697352. Determine g(60).
-152
Let l(b) = 12688*b + 203031. Determine l(-16).
23
Let v(r) = -4*r**2 - 47*r - 87. Give v(-4).
37
Let x(a) = 14864*a - 118827. What is x(8)?
85
Let m(o) = -13*o**2 + 4725*o + 14188. What is m(-3)?
-104
Let f(n) = 3*n**3 - 3*n**2 + 13730*n - 27463. What is f(2)?
9
Let k(a) = 12404*a + 37615. Give k(-3).
403
Let s(u) = 23616*u + 802666. Give s(-34).
-278
Let h(p) = -2*p**2 + 28*p + 1254. Give h(-18).
102
Let x(l) = -11*l**2 + 1221*l - 17584. Give x(17).
-6
Let g(o) = 10*o**2 - 96*o - 2647. What is g(22)?
81
Let o(p) = -4286*p - 1847231. Calculate o(-431).
35
Let u(d) = -1169*d - 102782. Calculate u(-88).
90
Let y(a) = 205*a**3 + 11*a**2 + 112*a + 100. Give y(-1).
-206
Let z(l) = l**3 - 11*l**2 + 60*l - 1356. What is z(14)?
72
Let i(u) = -6*u**3 - 140*u**2 - 38*u + 275. What is i(-23)?
91
Let c(k) = 6419*k - 76962. Give c(12).
66
Let p(b) = 35*b**2 - 609*b + 244. Determine p(17).
6
Let n(d) = 212*d**3 + 152*d**2 + 151*d + 1. Calculate n(-1).
-210
Let k(b) = 4*b**3 - 1192*b**2 - 15*b + 4478. Determine k(298).
8
Let w(n) = -16*n - 718. Determine w(-54).
146
Let p(t) = 32*t**3 - 7*t**2 - 63*t + 225. Give p(4).
1909
Let v(p) = 278331*p + 5844952. Calculate v(-21).
1
Let w(x) = 1002*x + 149284. Calculate w(-149).
-14
Let y(s) = -4827*s + 91697. What is y(19)?
-16
Let w(m) = -42*m**2 + 36*m - 249. Determine w(-6).
-1977
Let a(t) = t**3 - 29*t**2 - 1896*t - 127. Determine a(60).
-2287
Let t(q) = q**2 - 1391*q + 430590. Give t(926).
0
Let l(x) = -x**2 - 4969*x + 54789. Calculate l(11).
9
Let c(b) = 7*b**3 + 16*b**2 - 277*b - 559. What is c(-2)?
3
Let z(p) = -18073*p + 71936. Calculate z(4).
-356
Let i(s) = s**3 - 81*s**2 + 83*s - 67. Determine i(80).
173
Let k(w) = 327*w**2 + 1612*w - 121. Calculate k(-6).
1979
Let l(k) = -233497*k + 933976. What is l(4)?
-12
Let m(l) = 103717*l + 207138. Determine m(-2).
-296
Let h(s) = 86*s**2 - 14196*s - 28388. Give h(-2).
348
Let n(b) = 2*b**2 - 719*b - 18671. Give n(-25).
554
Let b(p) = 4119*p - 30218. Determine b(7).
-1385
Let n(b) = -b**3 - 25*b**2 + 125*b + 2029. Determine n(-25).
-1096
Let t(s) = 4*s**2 + 233997*s - 468000. Calculate t(2).
10
Let m(p) = 3*p**3 - 267*p**2 + 275*p - 1013. What is m(88)?
-45
Let a(b) = b**3 + 9627*b**2 + 19225*b - 49. Determine a(-2).
1
Let u(y) = -10*y**3 + 4*y**2 + 1269*y + 1262. What is u(-1)?
7
Let p(o) = 4*o**3 - 196*o**2 + 1235*o - 50069. Give p(48).
-5
Let n(y) = -5*y**2 - 1470*y + 19957. What is n(-307)?
2
Let k(d) = -1337*d**2 - 1711362*d - 2555. Determine k(-1280).
5
Let y(r) = -31*r**2 + 860*r - 2541. Determine y(3).
-240
Let d(m) = 15*m**2 + 6081*m - 3508. Calculate d(-406).
146
Let z(x) = -3*x**3 + 4*x**2 - 478*x + 1456. Give z(3).
-23
Let b(t) = 6356*t + 76281. What is b(-12)?
9
Let d(t) = t**2 - 1127*t + 145717. Give d(149).
-5
Let j(b) = b**2 - 101286*b - 1215592. Determine j(-12).
-16
Let z(w) = 5*w**3 + 154*w**2 - 11954*w - 369591. Give z(-31).
22
Le